Let o be 14/1*(-2 + (-320)/(-140)). Let l(d) = 22*d - 93. Give l(o).
-5
Let f(i) = -2*i + 2. Suppose -2*j + 6 + 4 = 2*u, -2*j + 25 = 5*u. Let b be ((-156)/(-273))/((-2)/(-14 - j)). Give f(b).
-6
Let f = 120 + -116. Let m(b) = 3*b**2 + 4*b - 7. Let w(r) = 7*r**2 + 8*r - 14. Let g(a) = f*w(a) - 9*m(a). Let t be g(4). Let p(n) = 4*n - 9. Calculate p(t).
19
Let t(c) be the second derivative of c**5/20 - c**4 + 2*c**3 + 5*c**2 + 5*c - 1024. Determine t(11).
21
Suppose -2*j - 37 + 109 = 4*q, 4*j + 5*q - 132 = 0. Suppose -j*w + 215 - 75 = 0. Let f(n) = n**3 - 4*n**2 - 9*n + 12. What is f(w)?
-8
Let o be (325/(-5))/(-13) + (-524)/(-1). Let u(f) = o - 266 - f**2 + f**3 - 267. Let g(z) = -z**3 + 5*z**2 + z - 5. Let j be g(5). What is u(j)?
-4
Suppose p + 3*s = -2*s + 4, -p + 5*s - 6 = 0. Let b be -1 + (4/2 - p). Let i(j) = -9*j**3 - 4 - j + 3 + 10*j**3. What is i(b)?
5
Let h(o) = -o + 1. Suppose 9*r + 16 = 34. Let u be -1 + 1 - (r - 4 - -2). Determine h(u).
1
Suppose 674 - 3534 = -20*p. Let a = 150 - p. Let s(l) = -l**2 + 10*l - 4. What is s(a)?
17
Let n(y) = y**2 - 3*y - 7. Suppose -39*r - 156 = 1131. Let j = -30 - r. Determine n(j).
-7
Suppose 58*d + 1120 - 209 + 307 = 0. Let o(r) = -9*r - 176. Determine o(d).
13
Let m(q) = q**3 + 15*q**2 - 29*q + 93. Let h be m(-17). Let r(n) = -n - h*n + n - 1 + 0 + 0. What is r(1)?
-9
Let h be ((-1)/(-3))/(193/(-579)). Let a(i) = -17*i**3 + 3*i**2 + 2*i + 2. Determine a(h).
20
Suppose -38*n + 42*n - 12 = 0. Let c(x) = -3*x - 2*x + 2 + n*x + 0*x + 0*x. What is c(2)?
-2
Suppose -4*b = 0, 3*h + 2*b - 15 = b. Suppose -h*m - 5 = -k, -2*k + 25 = 3*k + m. Let l(j) = -26*j - 20*j - 22*j + 69*j - 6. Give l(k).
-1
Let k(w) = 3*w - 233. Let q be k(82). Let y(r) = -8*r + 15. What is y(q)?
-89
Let m(b) = -11*b**3 - 20*b**2 - b - 17. Let z(v) be the third derivative of v**6/24 + v**5/6 + 3*v**3/2 - 99*v**2 - v. Let s(w) = -6*m(w) - 13*z(w). Give s(10).
45
Let g be ((-12)/(-10))/(9/(-90)). Let k be (-233)/4 + (-3)/g. Let m = k + 63. Let t(u) = u**3 - 5*u**2 + u + 6. What is t(m)?
11
Let g(j) = -j**2 + 9*j + 5. Let n(f) = f**2 - 9*f - 4. Let x(w) = -4*g(w) - 3*n(w). Let y be (-8208)/(-162) + -41 - (-2)/6. Calculate x(y).
2
Let d = -4129 - -4134. Let m(n) = -23*n + 114. Determine m(d).
-1
Suppose 7*q - 3*r + 7 = 12*q, -5*q - r - 1 = 0. Let z(d) = 6*d + 6. Calculate z(q).
0
Let n be (-92)/207 + (-136)/18 + 9. Let u(c) = -55*c. Let i(f) = 11*f. Let p(j) = 11*i(j) + 2*u(j). What is p(n)?
11
Let c(p) be the third derivative of 0 - 64*p**2 - 1/24*p**4 - 1/60*p**5 + 0*p - 1/120*p**6 + 1/6*p**3. Determine c(1).
-2
Let o = -9 - -9. Suppose -12*j - 60 - 12 = o. Let k(f) = 3*f + 8. What is k(j)?
-10
Let y(o) = 3*o**3 - 4*o**2 - 2*o**3 + 6 - 3 + 3*o**2. Let l(b) = b**3 + 14*b**2 + 2*b + 28. Suppose -2*u = 4 + 24. Let x be l(u). Calculate y(x).
3
Let b(q) = 881*q + 877*q + q**2 - 7 - 1760*q. Suppose -3*s = -5*s - 0*s. Determine b(s).
-7
Let m(u) = u**3 - 3*u**2 - 11*u + 7. Let c be m(5). Suppose c*a = -2*a - 32. Let h = a - -15. Let z(t) = t**2 - 8*t - 3. What is z(h)?
-10
Let p = 3 - 8. Let c(l) = -l**2 + 1552136 - 3*l - 3104267 + 1552128. Give c(p).
-13
Let d = 19 - 16. Let v(p) = p**2 + p. Let a(t) = 9*t**2 + 15*t. Let r(z) = d*a(z) - 45*v(z). Let h(g) = 6*g - 31. Let i be h(5). Determine r(i).
-18
Let d(z) be the second derivative of -5*z**4/12 + 8*z**3 - 31*z**2/2 + 2845*z. What is d(9)?
-4
Let c(j) = 28*j + 892. Let z be c(-32). Let u(t) = -t**2 + t + 1. Let y(x) = -x**3 + 2*x**2 - 2*x - 2. Let o(l) = -5*u(l) - y(l). What is o(z)?
-7
Let q(d) = -2*d - 1. Let f(u) = -6*u - 4 + 8*u - 8*u - 10*u. Let l(a) = -f(a) + 6*q(a). Determine l(-2).
-10
Let t(y) = y**3 + 39*y**2 + 75*y + 40. Let a be t(-37). Let g(b) = -b**a + 32 - 12*b - 12 + 4*b**2 + 8*b**2 - 6. What is g(11)?
3
Let y(q) = 20 - 21 - 14*q + 20*q. Let k = 15 - 9. Suppose 1 = 3*u + f, 4*u + f = k*u - 9. Determine y(u).
11
Let o(j) = -j**2 + 2*j - 1. Let w = 86 + -82. Suppose 2 = w*u - 2*k, 3*u - 5*k - 4 = -6. Determine o(u).
0
Let f be (4/(-6))/(5/105). Let i = f + 18. Let p(o) = -o**3 + 4*o**2 + 5*o - 4. Determine p(i).
16
Let y(s) = -s**3 + 11*s**2 - 14*s + 8. Let d(j) = -j**2 + 49*j + 279. Let m be d(-5). What is y(m)?
44
Let t(p) = -p**3 - 6*p**2 - 2*p + 3. Let m be (-28)/(-8)*180/70 - 13. What is t(m)?
-21
Let m(c) be the third derivative of -c**4/6 + 13*c**3/6 - 850*c**2. What is m(6)?
-11
Let j(w) = -5*w**2 + 42*w + 31. Let l be j(9). Let p(b) = b**2 + l*b - 4*b - 2*b**2 - 6*b - b. Determine p(-6).
6
Let b = 90994 + -90982. Let s(j) = j**3 - j**2 - 1. Suppose -9 = 2*c + 3. Let d(r) = -5*r**3 - 7*r**2 + 11*r + 21. Let z(l) = c*s(l) - d(l). Give z(b).
-3
Let i(p) = p**2 - 43*p + 286. Let o(q) = 10*q**2 + 6*q - 100. Let y be o(3). What is i(y)?
6
Let x(r) = -2*r**2 + 4*r - 6. Let i(q) = -4*q**2 + 7*q - 11. Let n = 70 + -66. Suppose n*z - z = -15. Let o(s) = z*x(s) + 3*i(s). What is o(3)?
-18
Let o = 196 - 196. Suppose o = -2*t - 7*t + 63. Let f(c) = c + 4. Determine f(t).
11
Let t(f) = -f**2 + 2*f - 4. Suppose 0 = -3*j + 3, 0*z + 2*z - j = -81. Let i = 9 + z. Let d = i - -35. Give t(d).
-12
Let x(r) = 3*r - 1. Let c(d) = 8*d + 4. Let w(v) = c(v) - 2*x(v). Let b = -58 - -52. Calculate w(b).
-6
Suppose 0*c + 29 = y - c, 0 = -5*y - 4*c + 118. Let i(u) = 49*u**2 - u - y*u**2 - u - 1 - 41*u**2. Let t = 1 - 2. What is i(t)?
-17
Let p(d) = d**2 - 6*d - 24. Let b be p(9). Suppose -5*a + 8 = 5*x - 7, 0 = b*a - 5*x + 7. Let y(f) = f**3 + f**2 - 2*f + 1. What is y(a)?
1
Let a be 2/23 + (-9789)/(-897). Suppose 3*u + a = -10. Let t(c) = -c**3 - 7*c**2 - 4*c - 9. Give t(u).
19
Let b(i) = 424*i + 35 + 419*i - i**2 + 9 - 853*i. Give b(-13).
5
Let y(g) = -8*g**2 - 44*g - 182. Let n(z) = 3*z**2 + 17*z + 73. Let p(f) = 13*n(f) + 5*y(f). Calculate p(-6).
-3
Let x(w) = -2*w**3 - 9*w**2 - 5*w - 1. Let j(b) = 4*b**3 + 11*b**2 + 6*b + 1. Let h(i) = -4*j(i) - 5*x(i). What is h(-1)?
7
Let b(p) = 74*p**2 + 12*p - 114. Let f(l) = 22*l**2 + 4*l - 36. Let u(g) = 2*b(g) - 7*f(g). Give u(3).
-42
Let f(u) = 5265*u - 31597. Let h be f(6). Let i(c) = 7*c**2 + 5*c - 13. Let l(b) = 8*b**2 + 5*b - 13. Let z(o) = 7*i(o) - 6*l(o). Give z(h).
1
Let t be (-28)/(-7) - (456/28 + 6/(-21)). Let o(r) = -18*r - 215. Determine o(t).
1
Suppose 0 = -23*i + 25*i - 14. Let r(o) = 28 - 6 - 9 - 9 - i + o. Determine r(-3).
-6
Let j(n) = 9*n + 1. Let g = -283 - -288. Suppose 3*z + 1 - 4 = -g*m, 0 = 4*z + 2*m - 4. What is j(z)?
10
Let a be (-2)/3*-3 + 2*-1. Let w(x) = 10 - 32*x**2 + a + 37*x**2 + 3*x - x**3. Let r be w(6). Let p(c) = -c + 2. Determine p(r).
10
Let t(v) = 75 - 17 + 242 - 29*v + 49. What is t(12)?
1
Let t(x) = -25*x - 13. Let i(u) = 13*u + 7. Let v(a) = -11*i(a) - 6*t(a). Let o = 49 - 48. Determine v(o).
8
Suppose -2*o = 3*o + 3*n - 10, 4*o + 3*n - 5 = 0. Let b(w) = w**3 - 11*w**2 - 12*w + 3. Let m be b(12). Let h(s) = -3 + 0*s + 6 - m*s + 4*s. Determine h(o).
8
Let l(q) = -q**2 - 25*q + 94. Suppose f = -4*u - 16, 2458*f - 5*u - 41 = 2460*f. Determine l(f).
10
Let v(z) be the second derivative of -z**4/12 + z**3/6 - z**2 - 2*z + 53. Let o be (-5)/(-1) - 8 - -1*5. Give v(o).
-4
Let x be 160/176*(-242)/(-44). Let a(d) = -d**2 + d + 18. Calculate a(x).
-2
Let h(g) = 19*g + 0*g - 25*g**2 - g**3 - 24 + 6*g**2 - 43*g - 5*g**2. Give h(-23).
-1
Let q = -19 + 39. Suppose 211*t - 1595 = 156*t. Let r(n) = 50*n - q*n - t*n + 4 - n**2. What is r(-3)?
-8
Let c(t) = 41 - 203*t - 4 + 201*t. Determine c(17).
3
Suppose 248 = -168*z + 32*z - 24. Let a(x) = 4*x**2 - 24*x + 10. Let p(d) = -d**2 + 5*d - 2. Let u(s) = -3*a(s) - 14*p(s). Determine u(z).
2
Let r(h) = -9*h - 24. Let c be r(-3). Let x(f) = 28*f - 2*f**2 - 27*f + 32*f**c + 0*f**2. Calculate x(1).
31
Let w be (-2)/((-12)/1)*6. Let x(y) be the second derivative of y**4/3 - y**3/3 + 586*y + 2. Determine x(w).
2
Let u(o) = 63*o**2 - 9*o + 109. Let d(q) = -38*q**2 + 5*q - 55. Let i(z) = 5*d(z) + 3*u(z). What is i(7)?
-11
Suppose -264 = 49*j - 460. Let k(x) = 2*x**3 - 2*x**2 - 5*x + 1. Determine k(j).
77
Let g(r) be the second derivative of 0*r**3 - 3/2*r**2 - 1/12*r**4 + 0 + 15*r. Suppose w + 4*q + 8 = 0, -4*w + 6 = -0*w - 3*q. Calculate g(w).
-3
Let s(c) = -2*c**2 + 72*c + 323. Let d be s(40). Let o(r) = -2*r**2 - 3*r - 1. What is o(d)?
-28
Let u = -710 - -722. Suppose -2*x + 2 = n 